

{"id":45,"date":"2019-07-11T02:36:51","date_gmt":"2019-07-11T00:36:51","guid":{"rendered":"http:\/\/preprod.villamalikasilvana.com\/?page_id=45"},"modified":"2023-02-13T15:07:16","modified_gmt":"2023-02-13T14:07:16","slug":"restaurant","status":"publish","type":"page","link":"https:\/\/www.villamalikasilvana.com\/pb\/servico-e-catering\/","title":{"rendered":"Catering"},"content":{"rendered":"<p><\/p>\n<h2>Restaurante gastron\u00f4mico com voca\u00e7\u00e3o internacional<\/h2>\n<p>Servi\u00e7o e Catering<\/p>\n<p>Uma cozinha bonita e espa\u00e7osa est\u00e1 mobilada para garantir um servi\u00e7o de qualidade aos clientes. Um casamento aprendido entre os estilos marroquino e italiano; cozinhar tamb\u00e9m desempenha um papel importante na cria\u00e7\u00e3o. Com uma equipe de profissionais, a Villa Malika Silvana oferece menus feitos com prepara\u00e7\u00f5es suculentas que cheiram bem da It\u00e1lia ou Marrocos, ou mesmo ambas em certos pratos.<br \/>\nUma grande e refinada mesa de jantar de vidro, com suas doze cadeiras de grife, em couro preto, pode receber os convidados em uma boa refei\u00e7\u00e3o.<br \/>\nOrganizada sob um cofre, em Tadelakt, cujas paredes s\u00e3o pontuadas por nichos luminosos, a grande sala de jantar e seu piso de m\u00e1rmore claro convidam aos prazeres da degusta\u00e7\u00e3o.<\/p>\n<p>Aqui est\u00e3o as nossas op\u00e7\u00f5es de lanches:<\/p>","protected":false},"excerpt":{"rendered":"Restaurante gastron\u00f4mico com voca\u00e7\u00e3o internacional Servi\u00e7o e Catering Uma cozinha bonita e espa\u00e7osa est\u00e1 mobilada para garantir um servi\u00e7o de qualidade aos clientes. Um casamento aprendido entre os estilos marroquino e italiano; cozinhar tamb\u00e9m desempenha um papel importante na cria\u00e7\u00e3o. Com uma equipe de profissionais, a Villa Malika Silvana oferece menus feitos com prepara\u00e7\u00f5es suculentas&#8230; <a class=\"view-article\" href=\"https:\/\/www.villamalikasilvana.com\/pb\/servico-e-catering\/\">Ver artigo<\/a>","protected":false},"author":1,"featured_media":0,"parent":0,"menu_order":0,"comment_status":"closed","ping_status":"closed","template":"template-restaurant.php","meta":{"footnotes":""},"class_list":["post-45","page","type-page","status-publish","hentry"],"yoast_head":"<title>Catering gastron\u00f4mico com voca\u00e7\u00e3o internacional<\/title>\n<meta name=\"description\" content=\"Villa Malika Silvana oferece aos seus h\u00f3spedes um menu criativo e requintado de cozinha baseada em produtos frescos do mercado\" \/>\n<meta name=\"robots\" content=\"index, follow, max-snippet:-1, max-image-preview:large, max-video-preview:-1\" \/>\n<meta property=\"og:locale\" content=\"pt_BR\" \/>\n<meta property=\"og:type\" content=\"article\" \/>\n<meta property=\"og:title\" content=\"Catering gastron\u00f4mico com voca\u00e7\u00e3o internacional\" \/>\n<meta property=\"og:description\" content=\"Villa Malika Silvana oferece aos seus h\u00f3spedes um menu criativo e requintado de cozinha baseada em produtos frescos do mercado\" \/>\n<meta property=\"og:url\" content=\"https:\/\/www.villamalikasilvana.com\/pb\/restauration\/\" \/>\n<meta property=\"og:site_name\" content=\"Villa Malika Silvana\" \/>\n<meta property=\"article:publisher\" content=\"https:\/\/www.facebook.com\/MalikaSilvana\/\" \/>\n<meta property=\"article:modified_time\" content=\"2023-02-13T14:07:16+00:00\" \/>\n<meta name=\"twitter:card\" content=\"summary_large_image\" \/>\n<meta name=\"twitter:site\" content=\"@VillaMalika\" \/>\n<meta name=\"twitter:label1\" content=\"Est. tempo de leitura\" \/>\n\t<meta name=\"twitter:data1\" content=\"1 minuto\" \/>\n<script type=\"application\/ld+json\" class=\"yoast-schema-graph\">{\"@context\":\"https:\\\/\\\/schema.org\",\"@graph\":[{\"@type\":\"WebPage\",\"@id\":\"https:\\\/\\\/www.villamalikasilvana.com\\\/pb\\\/restauration\\\/\",\"url\":\"https:\\\/\\\/www.villamalikasilvana.com\\\/pb\\\/restauration\\\/\",\"name\":\"Catering gastron\u00f4mico com voca\u00e7\u00e3o internacional\",\"isPartOf\":{\"@id\":\"https:\\\/\\\/www.villamalikasilvana.com\\\/pb\\\/#website\"},\"datePublished\":\"2019-07-11T00:36:51+00:00\",\"dateModified\":\"2023-02-13T14:07:16+00:00\",\"description\":\"Villa Malika Silvana oferece aos seus h\u00f3spedes um menu criativo e requintado de cozinha baseada em produtos frescos do mercado\",\"breadcrumb\":{\"@id\":\"https:\\\/\\\/www.villamalikasilvana.com\\\/pb\\\/restauration\\\/#breadcrumb\"},\"inLanguage\":\"pt-BR\",\"potentialAction\":[{\"@type\":\"ReadAction\",\"target\":[[\"https:\\\/\\\/www.villamalikasilvana.com\\\/pb\\\/restauration\\\/\"]]}]},{\"@type\":\"BreadcrumbList\",\"@id\":\"https:\\\/\\\/www.villamalikasilvana.com\\\/pb\\\/restauration\\\/#breadcrumb\",\"itemListElement\":[{\"@type\":\"ListItem\",\"position\":1,\"name\":\"Accueil\",\"item\":\"https:\\\/\\\/www.villamalikasilvana.com\\\/pb\\\/\"},{\"@type\":\"ListItem\",\"position\":2,\"name\":\"Restauration\"}]},{\"@type\":\"WebSite\",\"@id\":\"https:\\\/\\\/www.villamalikasilvana.com\\\/pb\\\/#website\",\"url\":\"https:\\\/\\\/www.villamalikasilvana.com\\\/pb\\\/\",\"name\":\"Villa Malika Silvana\",\"description\":\"Villa em Marrakech\",\"publisher\":{\"@id\":\"https:\\\/\\\/www.villamalikasilvana.com\\\/pb\\\/#organization\"},\"potentialAction\":[{\"@type\":\"SearchAction\",\"target\":{\"@type\":\"EntryPoint\",\"urlTemplate\":\"https:\\\/\\\/www.villamalikasilvana.com\\\/pb\\\/?s={search_term_string}\"},\"query-input\":{\"@type\":\"PropertyValueSpecification\",\"valueRequired\":true,\"valueName\":\"search_term_string\"}}],\"inLanguage\":\"pt-BR\"},{\"@type\":\"Organization\",\"@id\":\"https:\\\/\\\/www.villamalikasilvana.com\\\/pb\\\/#organization\",\"name\":\"Villa Malika Silvana\",\"url\":\"https:\\\/\\\/www.villamalikasilvana.com\\\/pb\\\/\",\"logo\":{\"@type\":\"ImageObject\",\"inLanguage\":\"pt-BR\",\"@id\":\"https:\\\/\\\/www.villamalikasilvana.com\\\/pb\\\/#\\\/schema\\\/logo\\\/image\\\/\",\"url\":\"https:\\\/\\\/www.villamalikasilvana.com\\\/wp-content\\\/uploads\\\/2023\\\/02\\\/logo-G.png\",\"contentUrl\":\"https:\\\/\\\/www.villamalikasilvana.com\\\/wp-content\\\/uploads\\\/2023\\\/02\\\/logo-G.png\",\"width\":252,\"height\":110,\"caption\":\"Villa Malika Silvana\"},\"image\":{\"@id\":\"https:\\\/\\\/www.villamalikasilvana.com\\\/pb\\\/#\\\/schema\\\/logo\\\/image\\\/\"},\"sameAs\":[\"https:\\\/\\\/www.facebook.com\\\/MalikaSilvana\\\/\",\"https:\\\/\\\/x.com\\\/VillaMalika\"]}]}<\/script>","yoast_head_json":{"title":"Catering gastron\u00f4mico com voca\u00e7\u00e3o internacional","description":"Villa Malika Silvana oferece aos seus h\u00f3spedes um menu criativo e requintado de cozinha baseada em produtos frescos do mercado","robots":{"index":"index","follow":"follow","max-snippet":"max-snippet:-1","max-image-preview":"max-image-preview:large","max-video-preview":"max-video-preview:-1"},"og_locale":"pt_BR","og_type":"article","og_title":"Catering gastron\u00f4mico com voca\u00e7\u00e3o internacional","og_description":"Villa Malika Silvana oferece aos seus h\u00f3spedes um menu criativo e requintado de cozinha baseada em produtos frescos do mercado","og_url":"https:\/\/www.villamalikasilvana.com\/pb\/restauration\/","og_site_name":"Villa Malika Silvana","article_publisher":"https:\/\/www.facebook.com\/MalikaSilvana\/","article_modified_time":"2023-02-13T14:07:16+00:00","twitter_card":"summary_large_image","twitter_site":"@VillaMalika","twitter_misc":{"Est. tempo de leitura":"1 minuto"},"schema":{"@context":"https:\/\/schema.org","@graph":[{"@type":"WebPage","@id":"https:\/\/www.villamalikasilvana.com\/pb\/restauration\/","url":"https:\/\/www.villamalikasilvana.com\/pb\/restauration\/","name":"Catering gastron\u00f4mico com voca\u00e7\u00e3o internacional","isPartOf":{"@id":"https:\/\/www.villamalikasilvana.com\/pb\/#website"},"datePublished":"2019-07-11T00:36:51+00:00","dateModified":"2023-02-13T14:07:16+00:00","description":"Villa Malika Silvana oferece aos seus h\u00f3spedes um menu criativo e requintado de cozinha baseada em produtos frescos do mercado","breadcrumb":{"@id":"https:\/\/www.villamalikasilvana.com\/pb\/restauration\/#breadcrumb"},"inLanguage":"pt-BR","potentialAction":[{"@type":"ReadAction","target":[["https:\/\/www.villamalikasilvana.com\/pb\/restauration\/"]]}]},{"@type":"BreadcrumbList","@id":"https:\/\/www.villamalikasilvana.com\/pb\/restauration\/#breadcrumb","itemListElement":[{"@type":"ListItem","position":1,"name":"Accueil","item":"https:\/\/www.villamalikasilvana.com\/pb\/"},{"@type":"ListItem","position":2,"name":"Restauration"}]},{"@type":"WebSite","@id":"https:\/\/www.villamalikasilvana.com\/pb\/#website","url":"https:\/\/www.villamalikasilvana.com\/pb\/","name":"Villa Malika Silvana","description":"Villa em Marrakech","publisher":{"@id":"https:\/\/www.villamalikasilvana.com\/pb\/#organization"},"potentialAction":[{"@type":"SearchAction","target":{"@type":"EntryPoint","urlTemplate":"https:\/\/www.villamalikasilvana.com\/pb\/?s={search_term_string}"},"query-input":{"@type":"PropertyValueSpecification","valueRequired":true,"valueName":"search_term_string"}}],"inLanguage":"pt-BR"},{"@type":"Organization","@id":"https:\/\/www.villamalikasilvana.com\/pb\/#organization","name":"Villa Malika Silvana","url":"https:\/\/www.villamalikasilvana.com\/pb\/","logo":{"@type":"ImageObject","inLanguage":"pt-BR","@id":"https:\/\/www.villamalikasilvana.com\/pb\/#\/schema\/logo\/image\/","url":"https:\/\/www.villamalikasilvana.com\/wp-content\/uploads\/2023\/02\/logo-G.png","contentUrl":"https:\/\/www.villamalikasilvana.com\/wp-content\/uploads\/2023\/02\/logo-G.png","width":252,"height":110,"caption":"Villa Malika Silvana"},"image":{"@id":"https:\/\/www.villamalikasilvana.com\/pb\/#\/schema\/logo\/image\/"},"sameAs":["https:\/\/www.facebook.com\/MalikaSilvana\/","https:\/\/x.com\/VillaMalika"]}]}},"_links":{"self":[{"href":"https:\/\/www.villamalikasilvana.com\/pb\/wp-json\/wp\/v2\/pages\/45","targetHints":{"allow":["GET"]}}],"collection":[{"href":"https:\/\/www.villamalikasilvana.com\/pb\/wp-json\/wp\/v2\/pages"}],"about":[{"href":"https:\/\/www.villamalikasilvana.com\/pb\/wp-json\/wp\/v2\/types\/page"}],"author":[{"embeddable":true,"href":"https:\/\/www.villamalikasilvana.com\/pb\/wp-json\/wp\/v2\/users\/1"}],"replies":[{"embeddable":true,"href":"https:\/\/www.villamalikasilvana.com\/pb\/wp-json\/wp\/v2\/comments?post=45"}],"version-history":[{"count":51,"href":"https:\/\/www.villamalikasilvana.com\/pb\/wp-json\/wp\/v2\/pages\/45\/revisions"}],"predecessor-version":[{"id":1309,"href":"https:\/\/www.villamalikasilvana.com\/pb\/wp-json\/wp\/v2\/pages\/45\/revisions\/1309"}],"wp:attachment":[{"href":"https:\/\/www.villamalikasilvana.com\/pb\/wp-json\/wp\/v2\/media?parent=45"}],"curies":[{"name":"wp","href":"https:\/\/api.w.org\/{rel}","templated":true}]}}

<p></p>
<h2>Restaurante gastronômico com vocação internacional</h2>
<p>Serviço e Catering</p>
<p>Uma cozinha bonita e espaçosa está mobilada para garantir um serviço de qualidade aos clientes. Um casamento aprendido entre os estilos marroquino e italiano; cozinhar também desempenha um papel importante na criação. Com uma equipe de profissionais, a Villa Malika Silvana oferece menus feitos com preparações suculentas que cheiram bem da Itália ou Marrocos, ou mesmo ambas em certos pratos.<br />
Uma grande e refinada mesa de jantar de vidro, com suas doze cadeiras de grife, em couro preto, pode receber os convidados em uma boa refeição.<br />
Organizada sob um cofre, em Tadelakt, cujas paredes são pontuadas por nichos luminosos, a grande sala de jantar e seu piso de mármore claro convidam aos prazeres da degustação.</p>
<p>Aqui estão as nossas opções de lanches:</p>

Restaurante gastronômico com vocação internacional Serviço e Catering Uma cozinha bonita e espaçosa está mobilada para garantir um serviço de qualidade aos clientes. Um casamento aprendido entre os estilos marroquino e italiano; cozinhar também desempenha um papel importante na criação. Com uma equipe de profissionais, a Villa Malika Silvana oferece menus feitos com preparações suculentas&#8230; <a class="view-article" href="https://www.villamalikasilvana.com/pb/servico-e-catering/">Ver artigo</a>

<title>Catering gastronômico com vocação internacional</title>
<meta name="description" content="Villa Malika Silvana oferece aos seus hóspedes um menu criativo e requintado de cozinha baseada em produtos frescos do mercado" />
<meta name="robots" content="index, follow, max-snippet:-1, max-image-preview:large, max-video-preview:-1" />
<meta property="og:locale" content="pt_BR" />
<meta property="og:type" content="article" />
<meta property="og:title" content="Catering gastronômico com vocação internacional" />
<meta property="og:description" content="Villa Malika Silvana oferece aos seus hóspedes um menu criativo e requintado de cozinha baseada em produtos frescos do mercado" />
<meta property="og:url" content="https://www.villamalikasilvana.com/pb/restauration/" />
<meta property="og:site_name" content="Villa Malika Silvana" />
<meta property="article:publisher" content="https://www.facebook.com/MalikaSilvana/" />
<meta property="article:modified_time" content="2023-02-13T14:07:16+00:00" />
<meta name="twitter:card" content="summary_large_image" />
<meta name="twitter:site" content="@VillaMalika" />
<meta name="twitter:label1" content="Est. tempo de leitura" />
	<meta name="twitter:data1" content="1 minuto" />
<script type="application/ld+json" class="yoast-schema-graph">{"@context":"https:\/\/schema.org","@graph":[{"@type":"WebPage","@id":"https:\/\/www.villamalikasilvana.com\/pb\/restauration\/","url":"https:\/\/www.villamalikasilvana.com\/pb\/restauration\/","name":"Catering gastronômico com vocação internacional","isPartOf":{"@id":"https:\/\/www.villamalikasilvana.com\/pb\/#website"},"datePublished":"2019-07-11T00:36:51+00:00","dateModified":"2023-02-13T14:07:16+00:00","description":"Villa Malika Silvana oferece aos seus hóspedes um menu criativo e requintado de cozinha baseada em produtos frescos do mercado","breadcrumb":{"@id":"https:\/\/www.villamalikasilvana.com\/pb\/restauration\/#breadcrumb"},"inLanguage":"pt-BR","potentialAction":[{"@type":"ReadAction","target":[["https:\/\/www.villamalikasilvana.com\/pb\/restauration\/"]]}]},{"@type":"BreadcrumbList","@id":"https:\/\/www.villamalikasilvana.com\/pb\/restauration\/#breadcrumb","itemListElement":[{"@type":"ListItem","position":1,"name":"Accueil","item":"https:\/\/www.villamalikasilvana.com\/pb\/"},{"@type":"ListItem","position":2,"name":"Restauration"}]},{"@type":"WebSite","@id":"https:\/\/www.villamalikasilvana.com\/pb\/#website","url":"https:\/\/www.villamalikasilvana.com\/pb\/","name":"Villa Malika Silvana","description":"Villa em Marrakech","publisher":{"@id":"https:\/\/www.villamalikasilvana.com\/pb\/#organization"},"potentialAction":[{"@type":"SearchAction","target":{"@type":"EntryPoint","urlTemplate":"https:\/\/www.villamalikasilvana.com\/pb\/?s={search_term_string}"},"query-input":{"@type":"PropertyValueSpecification","valueRequired":true,"valueName":"search_term_string"}}],"inLanguage":"pt-BR"},{"@type":"Organization","@id":"https:\/\/www.villamalikasilvana.com\/pb\/#organization","name":"Villa Malika Silvana","url":"https:\/\/www.villamalikasilvana.com\/pb\/","logo":{"@type":"ImageObject","inLanguage":"pt-BR","@id":"https:\/\/www.villamalikasilvana.com\/pb\/#\/schema\/logo\/image\/","url":"https:\/\/www.villamalikasilvana.com\/wp-content\/uploads\/2023\/02\/logo-G.png","contentUrl":"https:\/\/www.villamalikasilvana.com\/wp-content\/uploads\/2023\/02\/logo-G.png","width":252,"height":110,"caption":"Villa Malika Silvana"},"image":{"@id":"https:\/\/www.villamalikasilvana.com\/pb\/#\/schema\/logo\/image\/"},"sameAs":["https:\/\/www.facebook.com\/MalikaSilvana\/","https:\/\/x.com\/VillaMalika"]}]}</script>

Catering gastronômico com vocação internacional

Villa Malika Silvana oferece aos seus hóspedes um menu criativo e requintado de cozinha baseada em produtos frescos do mercado
