

{"id":142,"date":"2019-07-23T21:16:47","date_gmt":"2019-07-23T19:16:47","guid":{"rendered":"http:\/\/preprod.villamalikasilvana.com\/?post_type=product&#038;p=142"},"modified":"2023-02-13T16:47:04","modified_gmt":"2023-02-13T15:47:04","slug":"chambre-libellule","status":"publish","type":"product","link":"https:\/\/www.villamalikasilvana.com\/pb\/quarto\/quarto-o-libelula\/","title":{"rendered":"Quarto o Lib\u00e9lula"},"content":{"rendered":"<p>O quarto &#8220;Lib\u00e9lula&#8221; tamb\u00e9m \u00e9 um bom exemplo do esfor\u00e7o feito pelo gerente de projetos e seu designer de interiores para dar a cada su\u00edte sua pr\u00f3pria alma, uma identidade. Com um li embutido em um nicho refinado esculpido \u00e0 m\u00e3o, \u00e9 trabalhado em tons pastel e \u00e9 iluminado para criar uma atmosfera rom\u00e2ntica e acolhedora. Tem acesso ao belo terra\u00e7o no 1\u00ba andar.<\/p>\n<p>Funcionalidades<br \/>\nM\u00e1x: 2 Pessoas<br \/>\nSuperf\u00edcie: 30 m2<br \/>\nVista: Jardim<br \/>\nCama: King-size<\/p>\n<p>SERVI\u00c7O Imediatamente<br \/>\nBanheiro com banheira<br \/>\nSecador de cabelo<br \/>\nSafe<br \/>\nAquecimento independente<br \/>\nAr condicionado independente<br \/>\nMini bar<br \/>\nTelevis\u00e3o<br \/>\nWi-fi gr\u00e1tis<\/p>","protected":false},"excerpt":{"rendered":"<span class=\"tlid-translation translation\" lang=\"pt\"><span class=\"\" title=\"\">O quarto &#8220;Lib\u00e9lula&#8221; tem acesso ao belo terra\u00e7o do 1\u00ba andar.<\/span><\/span>","protected":false},"featured_media":1018,"template":"","meta":[],"class_list":["post-142","product","type-product","status-publish","has-post-thumbnail","hentry","product_cat-non-classe"],"yoast_head":"<title>Quarto o Lib\u00e9lula - Cama: tamanho King - Villa Malika Silvana<\/title>\n<meta name=\"description\" content=\"Quarto o Lib\u00e9lula : Com uma cama embutida em um requintado nicho esculpido \u00e0 m\u00e3o. Tem acesso ao lindo terra\u00e7o no 1\u00ba andar\" \/>\n<meta name=\"robots\" content=\"index, follow, max-snippet:-1, max-image-preview:large, max-video-preview:-1\" \/>\n<meta property=\"og:locale\" content=\"pt_BR\" \/>\n<meta property=\"og:type\" content=\"article\" \/>\n<meta property=\"og:title\" content=\"Quarto o Lib\u00e9lula - Cama: tamanho King - Villa Malika Silvana\" \/>\n<meta property=\"og:description\" content=\"Quarto o Lib\u00e9lula : Com uma cama embutida em um requintado nicho esculpido \u00e0 m\u00e3o. Tem acesso ao lindo terra\u00e7o no 1\u00ba andar\" \/>\n<meta property=\"og:url\" content=\"https:\/\/www.villamalikasilvana.com\/pb\/chambres\/chambre-libellule\/\" \/>\n<meta property=\"og:site_name\" content=\"Villa Malika Silvana\" \/>\n<meta property=\"article:publisher\" content=\"https:\/\/www.facebook.com\/MalikaSilvana\/\" \/>\n<meta property=\"article:modified_time\" content=\"2023-02-13T15:47:04+00:00\" \/>\n<meta property=\"og:image\" content=\"https:\/\/www.villamalikasilvana.com\/wp-content\/uploads\/2019\/07\/Chambre-la-libellule-4-scaled-e1675784625557.jpg\" \/>\n\t<meta property=\"og:image:width\" content=\"1200\" \/>\n\t<meta property=\"og:image:height\" content=\"886\" \/>\n\t<meta property=\"og:image:type\" content=\"image\/jpeg\" \/>\n<meta name=\"twitter:card\" content=\"summary_large_image\" \/>\n<meta name=\"twitter:site\" content=\"@VillaMalika\" \/>\n<meta name=\"twitter:label1\" content=\"Est. tempo de leitura\" \/>\n\t<meta name=\"twitter:data1\" content=\"1 minuto\" \/>\n<script type=\"application\/ld+json\" class=\"yoast-schema-graph\">{\"@context\":\"https:\\\/\\\/schema.org\",\"@graph\":[{\"@type\":\"WebPage\",\"@id\":\"https:\\\/\\\/www.villamalikasilvana.com\\\/pb\\\/chambres\\\/chambre-libellule\\\/\",\"url\":\"https:\\\/\\\/www.villamalikasilvana.com\\\/pb\\\/chambres\\\/chambre-libellule\\\/\",\"name\":\"Quarto o Lib\u00e9lula - Cama: tamanho King - Villa Malika Silvana\",\"isPartOf\":{\"@id\":\"https:\\\/\\\/www.villamalikasilvana.com\\\/pb\\\/#website\"},\"primaryImageOfPage\":{\"@id\":\"https:\\\/\\\/www.villamalikasilvana.com\\\/pb\\\/chambres\\\/chambre-libellule\\\/#primaryimage\"},\"image\":{\"@id\":\"https:\\\/\\\/www.villamalikasilvana.com\\\/chambres\\\/chambre-libellule\\\/#primaryimage\"},\"thumbnailUrl\":\"https:\\\/\\\/www.villamalikasilvana.com\\\/wp-content\\\/uploads\\\/2019\\\/07\\\/Chambre-la-libellule-4-scaled-e1675784625557.jpg\",\"datePublished\":\"2019-07-23T19:16:47+00:00\",\"dateModified\":\"2023-02-13T15:47:04+00:00\",\"description\":\"Quarto o Lib\u00e9lula : Com uma cama embutida em um requintado nicho esculpido \u00e0 m\u00e3o. Tem acesso ao lindo terra\u00e7o no 1\u00ba andar\",\"breadcrumb\":{\"@id\":\"https:\\\/\\\/www.villamalikasilvana.com\\\/pb\\\/chambres\\\/chambre-libellule\\\/#breadcrumb\"},\"inLanguage\":\"pt-BR\",\"potentialAction\":[{\"@type\":\"ReadAction\",\"target\":[[\"https:\\\/\\\/www.villamalikasilvana.com\\\/pb\\\/chambres\\\/chambre-libellule\\\/\"]]}]},{\"@type\":\"ImageObject\",\"inLanguage\":\"pt-BR\",\"@id\":\"https:\\\/\\\/www.villamalikasilvana.com\\\/pb\\\/chambres\\\/chambre-libellule\\\/#primaryimage\",\"url\":\"https:\\\/\\\/www.villamalikasilvana.com\\\/wp-content\\\/uploads\\\/2019\\\/07\\\/Chambre-la-libellule-4-scaled-e1675784625557.jpg\",\"contentUrl\":\"https:\\\/\\\/www.villamalikasilvana.com\\\/wp-content\\\/uploads\\\/2019\\\/07\\\/Chambre-la-libellule-4-scaled-e1675784625557.jpg\",\"width\":1200,\"height\":886,\"caption\":\"Chambre la libellule\"},{\"@type\":\"BreadcrumbList\",\"@id\":\"https:\\\/\\\/www.villamalikasilvana.com\\\/pb\\\/chambres\\\/chambre-libellule\\\/#breadcrumb\",\"itemListElement\":[{\"@type\":\"ListItem\",\"position\":1,\"name\":\"Accueil\",\"item\":\"https:\\\/\\\/www.villamalikasilvana.com\\\/pb\\\/\"},{\"@type\":\"ListItem\",\"position\":2,\"name\":\"Chambre la libellule\"}]},{\"@type\":\"WebSite\",\"@id\":\"https:\\\/\\\/www.villamalikasilvana.com\\\/pb\\\/#website\",\"url\":\"https:\\\/\\\/www.villamalikasilvana.com\\\/pb\\\/\",\"name\":\"Villa Malika Silvana\",\"description\":\"Villa em Marrakech\",\"publisher\":{\"@id\":\"https:\\\/\\\/www.villamalikasilvana.com\\\/pb\\\/#organization\"},\"potentialAction\":[{\"@type\":\"SearchAction\",\"target\":{\"@type\":\"EntryPoint\",\"urlTemplate\":\"https:\\\/\\\/www.villamalikasilvana.com\\\/pb\\\/?s={search_term_string}\"},\"query-input\":{\"@type\":\"PropertyValueSpecification\",\"valueRequired\":true,\"valueName\":\"search_term_string\"}}],\"inLanguage\":\"pt-BR\"},{\"@type\":\"Organization\",\"@id\":\"https:\\\/\\\/www.villamalikasilvana.com\\\/pb\\\/#organization\",\"name\":\"Villa Malika Silvana\",\"url\":\"https:\\\/\\\/www.villamalikasilvana.com\\\/pb\\\/\",\"logo\":{\"@type\":\"ImageObject\",\"inLanguage\":\"pt-BR\",\"@id\":\"https:\\\/\\\/www.villamalikasilvana.com\\\/pb\\\/#\\\/schema\\\/logo\\\/image\\\/\",\"url\":\"https:\\\/\\\/www.villamalikasilvana.com\\\/wp-content\\\/uploads\\\/2023\\\/02\\\/logo-G.png\",\"contentUrl\":\"https:\\\/\\\/www.villamalikasilvana.com\\\/wp-content\\\/uploads\\\/2023\\\/02\\\/logo-G.png\",\"width\":252,\"height\":110,\"caption\":\"Villa Malika Silvana\"},\"image\":{\"@id\":\"https:\\\/\\\/www.villamalikasilvana.com\\\/pb\\\/#\\\/schema\\\/logo\\\/image\\\/\"},\"sameAs\":[\"https:\\\/\\\/www.facebook.com\\\/MalikaSilvana\\\/\",\"https:\\\/\\\/x.com\\\/VillaMalika\"]}]}<\/script>","yoast_head_json":{"title":"Quarto o Lib\u00e9lula - Cama: tamanho King - Villa Malika Silvana","description":"Quarto o Lib\u00e9lula : Com uma cama embutida em um requintado nicho esculpido \u00e0 m\u00e3o. Tem acesso ao lindo terra\u00e7o no 1\u00ba andar","robots":{"index":"index","follow":"follow","max-snippet":"max-snippet:-1","max-image-preview":"max-image-preview:large","max-video-preview":"max-video-preview:-1"},"og_locale":"pt_BR","og_type":"article","og_title":"Quarto o Lib\u00e9lula - Cama: tamanho King - Villa Malika Silvana","og_description":"Quarto o Lib\u00e9lula : Com uma cama embutida em um requintado nicho esculpido \u00e0 m\u00e3o. Tem acesso ao lindo terra\u00e7o no 1\u00ba andar","og_url":"https:\/\/www.villamalikasilvana.com\/pb\/chambres\/chambre-libellule\/","og_site_name":"Villa Malika Silvana","article_publisher":"https:\/\/www.facebook.com\/MalikaSilvana\/","article_modified_time":"2023-02-13T15:47:04+00:00","og_image":[{"width":1200,"height":886,"url":"https:\/\/www.villamalikasilvana.com\/wp-content\/uploads\/2019\/07\/Chambre-la-libellule-4-scaled-e1675784625557.jpg","type":"image\/jpeg"}],"twitter_card":"summary_large_image","twitter_site":"@VillaMalika","twitter_misc":{"Est. tempo de leitura":"1 minuto"},"schema":{"@context":"https:\/\/schema.org","@graph":[{"@type":"WebPage","@id":"https:\/\/www.villamalikasilvana.com\/pb\/chambres\/chambre-libellule\/","url":"https:\/\/www.villamalikasilvana.com\/pb\/chambres\/chambre-libellule\/","name":"Quarto o Lib\u00e9lula - Cama: tamanho King - Villa Malika Silvana","isPartOf":{"@id":"https:\/\/www.villamalikasilvana.com\/pb\/#website"},"primaryImageOfPage":{"@id":"https:\/\/www.villamalikasilvana.com\/pb\/chambres\/chambre-libellule\/#primaryimage"},"image":{"@id":"https:\/\/www.villamalikasilvana.com\/chambres\/chambre-libellule\/#primaryimage"},"thumbnailUrl":"https:\/\/www.villamalikasilvana.com\/wp-content\/uploads\/2019\/07\/Chambre-la-libellule-4-scaled-e1675784625557.jpg","datePublished":"2019-07-23T19:16:47+00:00","dateModified":"2023-02-13T15:47:04+00:00","description":"Quarto o Lib\u00e9lula : Com uma cama embutida em um requintado nicho esculpido \u00e0 m\u00e3o. Tem acesso ao lindo terra\u00e7o no 1\u00ba andar","breadcrumb":{"@id":"https:\/\/www.villamalikasilvana.com\/pb\/chambres\/chambre-libellule\/#breadcrumb"},"inLanguage":"pt-BR","potentialAction":[{"@type":"ReadAction","target":[["https:\/\/www.villamalikasilvana.com\/pb\/chambres\/chambre-libellule\/"]]}]},{"@type":"ImageObject","inLanguage":"pt-BR","@id":"https:\/\/www.villamalikasilvana.com\/pb\/chambres\/chambre-libellule\/#primaryimage","url":"https:\/\/www.villamalikasilvana.com\/wp-content\/uploads\/2019\/07\/Chambre-la-libellule-4-scaled-e1675784625557.jpg","contentUrl":"https:\/\/www.villamalikasilvana.com\/wp-content\/uploads\/2019\/07\/Chambre-la-libellule-4-scaled-e1675784625557.jpg","width":1200,"height":886,"caption":"Chambre la libellule"},{"@type":"BreadcrumbList","@id":"https:\/\/www.villamalikasilvana.com\/pb\/chambres\/chambre-libellule\/#breadcrumb","itemListElement":[{"@type":"ListItem","position":1,"name":"Accueil","item":"https:\/\/www.villamalikasilvana.com\/pb\/"},{"@type":"ListItem","position":2,"name":"Chambre la libellule"}]},{"@type":"WebSite","@id":"https:\/\/www.villamalikasilvana.com\/pb\/#website","url":"https:\/\/www.villamalikasilvana.com\/pb\/","name":"Villa Malika Silvana","description":"Villa em Marrakech","publisher":{"@id":"https:\/\/www.villamalikasilvana.com\/pb\/#organization"},"potentialAction":[{"@type":"SearchAction","target":{"@type":"EntryPoint","urlTemplate":"https:\/\/www.villamalikasilvana.com\/pb\/?s={search_term_string}"},"query-input":{"@type":"PropertyValueSpecification","valueRequired":true,"valueName":"search_term_string"}}],"inLanguage":"pt-BR"},{"@type":"Organization","@id":"https:\/\/www.villamalikasilvana.com\/pb\/#organization","name":"Villa Malika Silvana","url":"https:\/\/www.villamalikasilvana.com\/pb\/","logo":{"@type":"ImageObject","inLanguage":"pt-BR","@id":"https:\/\/www.villamalikasilvana.com\/pb\/#\/schema\/logo\/image\/","url":"https:\/\/www.villamalikasilvana.com\/wp-content\/uploads\/2023\/02\/logo-G.png","contentUrl":"https:\/\/www.villamalikasilvana.com\/wp-content\/uploads\/2023\/02\/logo-G.png","width":252,"height":110,"caption":"Villa Malika Silvana"},"image":{"@id":"https:\/\/www.villamalikasilvana.com\/pb\/#\/schema\/logo\/image\/"},"sameAs":["https:\/\/www.facebook.com\/MalikaSilvana\/","https:\/\/x.com\/VillaMalika"]}]}},"_links":{"self":[{"href":"https:\/\/www.villamalikasilvana.com\/pb\/wp-json\/wp\/v2\/product\/142","targetHints":{"allow":["GET"]}}],"collection":[{"href":"https:\/\/www.villamalikasilvana.com\/pb\/wp-json\/wp\/v2\/product"}],"about":[{"href":"https:\/\/www.villamalikasilvana.com\/pb\/wp-json\/wp\/v2\/types\/product"}],"wp:featuredmedia":[{"embeddable":true,"href":"https:\/\/www.villamalikasilvana.com\/pb\/wp-json\/wp\/v2\/media\/1018"}],"wp:attachment":[{"href":"https:\/\/www.villamalikasilvana.com\/pb\/wp-json\/wp\/v2\/media?parent=142"}],"curies":[{"name":"wp","href":"https:\/\/api.w.org\/{rel}","templated":true}]}}

Quarto o Libélula

<p>O quarto &#8220;Libélula&#8221; também é um bom exemplo do esforço feito pelo gerente de projetos e seu designer de interiores para dar a cada suíte sua própria alma, uma identidade. Com um li embutido em um nicho refinado esculpido à mão, é trabalhado em tons pastel e é iluminado para criar uma atmosfera romântica e acolhedora. Tem acesso ao belo terraço no 1º andar.</p>
<p>Funcionalidades<br />
Máx: 2 Pessoas<br />
Superfície: 30 m2<br />
Vista: Jardim<br />
Cama: King-size</p>
<p>SERVIÇO Imediatamente<br />
Banheiro com banheira<br />
Secador de cabelo<br />
Safe<br />
Aquecimento independente<br />
Ar condicionado independente<br />
Mini bar<br />
Televisão<br />
Wi-fi grátis</p>

<span class="tlid-translation translation" lang="pt"><span class="" title="">O quarto &#8220;Libélula&#8221; tem acesso ao belo terraço do 1º andar.</span></span>

<title>Quarto o Libélula - Cama: tamanho King - Villa Malika Silvana</title>
<meta name="description" content="Quarto o Libélula : Com uma cama embutida em um requintado nicho esculpido à mão. Tem acesso ao lindo terraço no 1º andar" />
<meta name="robots" content="index, follow, max-snippet:-1, max-image-preview:large, max-video-preview:-1" />
<meta property="og:locale" content="pt_BR" />
<meta property="og:type" content="article" />
<meta property="og:title" content="Quarto o Libélula - Cama: tamanho King - Villa Malika Silvana" />
<meta property="og:description" content="Quarto o Libélula : Com uma cama embutida em um requintado nicho esculpido à mão. Tem acesso ao lindo terraço no 1º andar" />
<meta property="og:url" content="https://www.villamalikasilvana.com/pb/chambres/chambre-libellule/" />
<meta property="og:site_name" content="Villa Malika Silvana" />
<meta property="article:publisher" content="https://www.facebook.com/MalikaSilvana/" />
<meta property="article:modified_time" content="2023-02-13T15:47:04+00:00" />
<meta property="og:image" content="https://www.villamalikasilvana.com/wp-content/uploads/2019/07/Chambre-la-libellule-4-scaled-e1675784625557.jpg" />
	<meta property="og:image:width" content="1200" />
	<meta property="og:image:height" content="886" />
	<meta property="og:image:type" content="image/jpeg" />
<meta name="twitter:card" content="summary_large_image" />
<meta name="twitter:site" content="@VillaMalika" />
<meta name="twitter:label1" content="Est. tempo de leitura" />
	<meta name="twitter:data1" content="1 minuto" />
<script type="application/ld+json" class="yoast-schema-graph">{"@context":"https:\/\/schema.org","@graph":[{"@type":"WebPage","@id":"https:\/\/www.villamalikasilvana.com\/pb\/chambres\/chambre-libellule\/","url":"https:\/\/www.villamalikasilvana.com\/pb\/chambres\/chambre-libellule\/","name":"Quarto o Libélula - Cama: tamanho King - Villa Malika Silvana","isPartOf":{"@id":"https:\/\/www.villamalikasilvana.com\/pb\/#website"},"primaryImageOfPage":{"@id":"https:\/\/www.villamalikasilvana.com\/pb\/chambres\/chambre-libellule\/#primaryimage"},"image":{"@id":"https:\/\/www.villamalikasilvana.com\/chambres\/chambre-libellule\/#primaryimage"},"thumbnailUrl":"https:\/\/www.villamalikasilvana.com\/wp-content\/uploads\/2019\/07\/Chambre-la-libellule-4-scaled-e1675784625557.jpg","datePublished":"2019-07-23T19:16:47+00:00","dateModified":"2023-02-13T15:47:04+00:00","description":"Quarto o Libélula : Com uma cama embutida em um requintado nicho esculpido à mão. Tem acesso ao lindo terraço no 1º andar","breadcrumb":{"@id":"https:\/\/www.villamalikasilvana.com\/pb\/chambres\/chambre-libellule\/#breadcrumb"},"inLanguage":"pt-BR","potentialAction":[{"@type":"ReadAction","target":[["https:\/\/www.villamalikasilvana.com\/pb\/chambres\/chambre-libellule\/"]]}]},{"@type":"ImageObject","inLanguage":"pt-BR","@id":"https:\/\/www.villamalikasilvana.com\/pb\/chambres\/chambre-libellule\/#primaryimage","url":"https:\/\/www.villamalikasilvana.com\/wp-content\/uploads\/2019\/07\/Chambre-la-libellule-4-scaled-e1675784625557.jpg","contentUrl":"https:\/\/www.villamalikasilvana.com\/wp-content\/uploads\/2019\/07\/Chambre-la-libellule-4-scaled-e1675784625557.jpg","width":1200,"height":886,"caption":"Chambre la libellule"},{"@type":"BreadcrumbList","@id":"https:\/\/www.villamalikasilvana.com\/pb\/chambres\/chambre-libellule\/#breadcrumb","itemListElement":[{"@type":"ListItem","position":1,"name":"Accueil","item":"https:\/\/www.villamalikasilvana.com\/pb\/"},{"@type":"ListItem","position":2,"name":"Chambre la libellule"}]},{"@type":"WebSite","@id":"https:\/\/www.villamalikasilvana.com\/pb\/#website","url":"https:\/\/www.villamalikasilvana.com\/pb\/","name":"Villa Malika Silvana","description":"Villa em Marrakech","publisher":{"@id":"https:\/\/www.villamalikasilvana.com\/pb\/#organization"},"potentialAction":[{"@type":"SearchAction","target":{"@type":"EntryPoint","urlTemplate":"https:\/\/www.villamalikasilvana.com\/pb\/?s={search_term_string}"},"query-input":{"@type":"PropertyValueSpecification","valueRequired":true,"valueName":"search_term_string"}}],"inLanguage":"pt-BR"},{"@type":"Organization","@id":"https:\/\/www.villamalikasilvana.com\/pb\/#organization","name":"Villa Malika Silvana","url":"https:\/\/www.villamalikasilvana.com\/pb\/","logo":{"@type":"ImageObject","inLanguage":"pt-BR","@id":"https:\/\/www.villamalikasilvana.com\/pb\/#\/schema\/logo\/image\/","url":"https:\/\/www.villamalikasilvana.com\/wp-content\/uploads\/2023\/02\/logo-G.png","contentUrl":"https:\/\/www.villamalikasilvana.com\/wp-content\/uploads\/2023\/02\/logo-G.png","width":252,"height":110,"caption":"Villa Malika Silvana"},"image":{"@id":"https:\/\/www.villamalikasilvana.com\/pb\/#\/schema\/logo\/image\/"},"sameAs":["https:\/\/www.facebook.com\/MalikaSilvana\/","https:\/\/x.com\/VillaMalika"]}]}</script>

Quarto o Libélula - Cama: tamanho King - Villa Malika Silvana

Quarto o Libélula : Com uma cama embutida em um requintado nicho esculpido à mão. Tem acesso ao lindo terraço no 1º andar
